- 9) + (-5 - -7 - -16031)?
2
Let x = -1710 - -8459. What is the tens digit of x?
4
Suppose 8*n - 1292 = 76. Suppose -4311 = 162*h - n*h. What is the hundreds digit of h?
4
Let q(f) = -2*f**3 - 14*f**2 + 15*f - 33. Let n(i) = 10*i**3 + 71*i**2 - 74*i + 166. Let d(t) = 2*n(t) + 11*q(t). What is the tens digit of d(-10)?
9
Let h be (-204)/24 + 9 - 3926/(-4). Let d = h - -343. What is the tens digit of d?
2
Suppose -964 = k + 595. Let m = -103 + k. What is the tens digit of (1/(-2))/(3/m)?
7
Let x(y) = -2*y**3 - 78*y**2 - 108*y + 373. What is the thousands digit of x(-38)?
1
Let b = -33 - -35. Let x be 2/(-12)*3*(2 + b). What is the tens digit of (9/x - -4)*-94?
4
Let p(d) = -d**2 + 18*d - 2. Suppose 0 = -3*v - w + 44 + 6, 3*v - 4*w = 70. Let a be p(v). What is the units digit of ((-12)/a)/(1 - -1)?
3
Let z = -193 - -196. Suppose -5*o + 2*k + 1400 = -0*k, z*o - 840 = -5*k. What is the units digit of o?
0
Let h(c) = -32*c**3 - 2*c**2 - 16*c - 5. Let b(t) = -33*t**3 - 2*t**2 - 15*t - 8. Let u(s) = 6*b(s) - 5*h(s). What is the tens digit of u(-2)?
9
Suppose -3*x = -11 + 2. Suppose 25 = 5*t, -5*t + 15 = x*f - 31. Let o(k) = 4*k**2 - 13*k + 13. What is the hundreds digit of o(f)?
1
Suppose 14 = 3*p + 2*r, 3*p + 3*r = 2 + 10. Suppose -2*z + 2111 = -l + p*l, 3 = z. What is the tens digit of l?
2
Let u(w) = 1905*w**2 + 3*w - 3. Let l be u(1). Suppose 6*t - l = -9*t. Let h = t + -81. What is the units digit of h?
6
Suppose 29*h - 223294 = -10*h + 2906. What is the hundreds digit of h?
8
Suppose 0 = h + 7*h + 40. Let n be (-3)/h - 196/35. Let g(y) = -y**3 + 5*y**2 + 12*y + 4. What is the tens digit of g(n)?
9
What is the hundreds digit of (-14)/6 + (-208350)/(-135)?
5
Suppose 5290 = 5*o - 5940. What is the thousands digit of o?
2
Suppose -3*x + x - 5*z - 20 = 0, -5*x + 5*z - 50 = 0. Suppose 5 = p + 5*c, -6*c + 3*c = 9. What is the units digit of (-168)/x + 4/p?
7
Suppose 0 = -123*z + 124*z + 3*w - 407, -z = -4*w - 365. Let d = 2 + 3. Suppose -d*n = -z - 241. What is the hundreds digit of n?
1
What is the units digit of -367*(0 + -22)/(108/54)?
7
What is the units digit of -17 + 24 - (0 + -3) - -12766?
6
Let g(t) = 202*t**2 - 590*t - 5. What is the units digit of g(13)?
3
Let r(g) = g**2 + 8*g - 10. Let z be r(-10). Suppose j - 4059 = 4*p, -5*p + 2*j - 4110 = 966. What is the units digit of z/40 + p/(-8)?
7
Let j be (6/5)/(-1 + 140/125). What is the hundreds digit of j/(-15) - (-1 + 902/(-3))?
3
Let a = 200 - 178. Let o(m) = -m**3 + 20*m**2 + 54*m + 1. What is the hundreds digit of o(a)?
2
Suppose 11*b + 24 = 5*b. Let i(r) = -40*r + 10. What is the tens digit of i(b)?
7
Suppose -2*f = -10*f + 312. Suppose 6*g = 171 - f. What is the units digit of g?
2
Suppose 0*s - 4*s + 21 = z, 4*s = 4*z + 16. Suppose -4*v = -c + s*c - 208, -2*c + 5*v = -76. What is the units digit of c?
8
Let x = 126420 - 88649. What is the units digit of x?
1
Let p(s) = -6*s + 5*s**2 - 5 + 2*s + 3*s + 0 + 2*s. Let r be (3 - 2)*-1 - 3. What is the tens digit of p(r)?
7
What is the hundreds digit of (-8 - (-29 - -20)) + (12 + 2)*2876?
2
What is the ten thousands digit of 2*(1/2 - -1)*842398/69?
3
Suppose 6870 = -5*o + 15*o. Let c = o + -425. What is the units digit of c?
2
Let r(f) = 0*f**3 + 14 + 3*f**2 - 7*f**3 + 5*f**3 - 6*f. Let n be r(6). Let l = n - -534. What is the units digit of l?
8
Let u(g) = 2*g**2 + 4*g. Let h be u(-3). Suppose 15 = h*z + 3. Suppose 0 = 4*a + z*y - 336, -409 = -5*a - 2*y + 12. What is the tens digit of a?
8
Let y be 29 + (-7 - -14) + -3. Suppose -760 = y*r - 38*r - 4*x, 602 = 4*r + 2*x. What is the units digit of r?
8
Let k = 16025 + -12964. What is the tens digit of k?
6
Let o be (12/18)/(11/9933). Let f = o + -469. What is the tens digit of f?
3
Let z = -172 - -176. Suppose -5*m = -11*c + 14*c - 495, z*m + 3*c = 399. What is the tens digit of m?
9
Let m(b) = 352*b**2 + 90*b + 138. What is the ten thousands digit of m(-7)?
1
Let k = 34 - 32. Suppose -s - 3*m + 856 = -6*m, k*m - 841 = -s. What is the hundreds digit of s?
8
Suppose -943770 = -205*n + 417840. What is the units digit of n?
2
Let d = 506 - 502. Suppose 1987 + 1801 = d*c. What is the tens digit of c?
4
Suppose -2*g + 0*g + 5*s - 92 = 0, 3*g + 3*s + 180 = 0. Let q = g - -206. Suppose 21 - q = -d. What is the tens digit of d?
2
Let s(h) = 17*h**2 - 79*h - 20. Suppose 2*r + 35 = 55. What is the hundreds digit of s(r)?
8
Let t = 117580 - 81628. What is the tens digit of t?
5
Suppose 0 = 5*y - 61 + 26. Suppose 2*d - y*d + 2320 = -3*i, -2*i + 912 = 2*d. What is the units digit of d?
1
Let p = 63 + -63. Suppose -u + 0*u - 168 = -4*x, -u = p. Suppose x*z = 40*z + 14. What is the units digit of z?
7
Suppose -4*w + 48 = y, -4*w + 4*y + 32 = -16. Let z = 280 + w. What is the tens digit of z?
9
Suppose -3*i = -z - 92, -2*i + 4*z + 68 = 2*z. Let q = i + -2. Let f = q + -21. What is the units digit of f?
6
Let f(o) = 2*o**2 + 8*o + 26. Let s be f(-6). Let h be s*-30*(-4 - -2)/4. Suppose 36*p - 30*p - h = 0. What is the units digit of p?
5
Let z = -35 + 73. Let v = z + -24. What is the tens digit of v/49 - 523/(-7)?
7
Let m = -163 + 148. What is the hundreds digit of (-2)/(-8)*(-30)/m*798?
3
Let m = 1249 - -6094. What is the thousands digit of m?
7
Let f(d) = -135*d**3 + 4*d**2 + 4*d + 2. Let o be f(-1). Suppose o = 4*v + 3*c - 6314, -3*c = 5*v - 8060. What is the hundreds digit of v?
6
Suppose 5*p - 2007 = 178. Let x = p - 331. What is the tens digit of x?
0
Let b(q) = -2*q**3 - 3*q**2 - q + 199. Let w be -3 - (0/1 + -3). Let o be b(w). Let p = 13 + o. What is the tens digit of p?
1
Let w(d) = -1351*d + 7513. What is the thousands digit of w(-35)?
4
Let w = 95904 - 62259. What is the thousands digit of w?
3
Let s = 198 - 201. What is the tens digit of 113 + (s - -9) + -1 + 1?
1
Suppose 208958 = 302*j - 1205610. What is the units digit of j?
4
Let o(v) = -228*v**2 + 23732. What is the thousands digit of o(0)?
3
Let r be (-6*(-3)/24)/((-15)/(-40)). Let i be ((-1980)/(-8))/3*r. Suppose -v + i = -106. What is the units digit of v?
1
Let p = -13596 - -34116. What is the thousands digit of p?
0
Let m(s) = s + 11. Let z(t) = t**3 + t**2 - 3. Let o be z(-2). Let w be m(o). Suppose d - 231 = -3*d - 3*f, w*d - 4*f - 224 = 0. What is the tens digit of d?
5
Let m(o) = 4*o**2 - 5*o + 47. Let a be m(-17). Let d = -900 + a. What is the tens digit of d?
8
Suppose 5*f - 8076 + 1092 = q, -5*f = -3*q - 6992. Suppose -5*v + 3*l = -v - 2792, -2*v - l + f = 0. What is the tens digit of v?
9
What is the hundreds digit of ((-73995)/9)/(206/(-618))?
6
Let s(u) = -67*u + 43. Let l = 400 + -403. What is the units digit of s(l)?
4
Suppose 7*j + 1274 - 6307 = 0. Suppose 5*g + 34 = j. Let d = g - 76. What is the units digit of d?
1
Let f(x) = -x**2 - 25*x + 28. Let u(n) = -n**2 + 12*n + 8. Let g be u(14). What is the units digit of f(g)?
8
Suppose -250 + 667 = 3*q. Let n be 0/2 + (q - 2). Suppose -5*g = -10, -w + g = -1 - n. What is the hundreds digit of w?
1
Let t(u) = 10 + 19 + 2*u - 3. Let z(r) = r**3 - 17*r**2 - 18*r + 14. Let x be z(18). What is the tens digit of t(x)?
5
Let x be (10/(-35))/(10/(-105)). Suppose 5*p = 3*b + 6665, 2*b - 5354 = x*p - 7*p. What is the thousands digit of p?
1
Let z = 42 - 40. Suppose 0 = -z*i - 5*h - 9, i = 4*i + 2*h + 19. Let r(n) = -5*n + 9. What is the units digit of r(i)?
4
Suppose -180*n + 1066371 + 407031 = 49422. What is the hundreds digit of n?
9
Let z be 2 - (-11)/(-5) - (-3366)/30. What is the hundreds digit of (-371)/2*(-64)/z?
1
Suppose 2*y = -3*y. Suppose -3*k + y*k + 567 = 0. Suppose 6*v - 693 = -k. What is the units digit of v?
4
Suppose 0 = 2*q + 2*t + 18, -5*q - 2*t - 16 = 20. Let f(r) = 45*r**2 - 4*r - 19. What is the tens digit of f(q)?
2
Let w(j) be the first derivative of 4*j**2 + 40*j + 9. Let h be w(-6). What is the units digit of h/(-10) - (-484)/20?
5
Suppose 5*a = 3*p + 23, p + 0*p = 3*a - 9. Suppose -2*r + 124 = -8. What is the units digit of (p/4)/((-3)/r)?
3
Suppose -o + 5*o - 2*p - 2516 = 0, -3*o + 2*p + 1886 = 0. What is the units digit of ((-66)/55)/((-2)/o)?
8
Suppose 0 = 5*u - 12*u + 7. Let n be 8/u + -1 + -3. Suppose 4*k - 312 = -2*z, -660 = -n*z + 6*k - 2*k. What is the units digit of z?
2
Let t be (-6)/(-42)*0 - -1*41. Suppose 703 - t = 2*a. What is the hundreds digit